nder when l is divided by w.
30
Let w(a) = a**3 + 10*a**2 - 5*a + 12. Let g be w(-11). Let z = -29 - g. What is the remainder when 96 is divided by z?
21
Suppose 0 = 3*p + 2*p. Suppose 0*z + 2*z - f - 37 = p, -5 = -5*f. Calculate the remainder when (-1386)/(-12) + 2/4 - 4 is divided by z.
17
Suppose 5*i - 761 = 389. Suppose 9 = -17*g + i. What is the remainder when 24 is divided by g?
11
Suppose 2 = -5*y + 87. Let o(z) = z**2 - 2*z - 5. Let i be o(4). What is the remainder when ((-7)/i)/(3/(-63)) is divided by y?
15
Let z be 1 - ((3 - 3) + 1). Suppose -9*f + 504 + 81 = z. Calculate the remainder when f is divided by 18.
11
Let z = 10 - 7. Let r be (-160)/((0 - z) + 2). Suppose 0 = -5*o - 2*y + r, 4*y - 4 + 14 = o. What is the remainder when o is divided by 11?
8
Suppose -253*m + 254*m - 168 = -4*k, 0 = 4*m - 4*k - 732. What is the remainder when m is divided by 37?
32
Let u = 706 - -876. What is the remainder when u is divided by 11?
9
Suppose -35*p = -735 + 35. What is the remainder when 24 is divided by p?
4
Suppose 3*i + 1 = -11. Calculate the remainder when 4/8 + (-194)/i is divided by 2 - (300/(-4))/5.
15
Let z(a) = 3*a**2 + 21*a - 19. Suppose -3*i + 29 = -19. Calculate the remainder when i is divided by z(-8).
1
Calculate the remainder when (-15 - 0)/((-5)/75) is divided by 57.
54
Suppose 2*x - 5*z + 15 = 0, 2*x + 5*z - 1 + 6 = 0. Let k(p) = -2*p**2 - 11*p + 1. Calculate the remainder when 25 is divided by k(x).
1
Let j(y) = -y**2 - 6*y - 1. Let w be j(-4). Suppose -w*k - 30 = -2*k. What is the remainder when 6 is divided by (-2)/(k/9) - -1?
2
Let o(h) = -2*h**3 - 4*h**2 - 3. Calculate the remainder when (-12103)/(-104) - (-6)/(-16) is divided by o(-3).
11
Suppose 16 = u + 4*g, u - g + 25 = 3*u. Suppose 2*b - 10 = 8. Let s = -2 + b. Calculate the remainder when u is divided by s.
5
Let b = 29 + 107. Suppose -g - b = -3*g. Let y(p) = -2*p**3 - 3*p**2 + 2*p - 3. Calculate the remainder when g is divided by y(-3).
14
What is the remainder when 38 is divided by ((-16)/4 - 4)*-2?
6
Let s be 3/2*48/(-36). Calculate the remainder when (s + -6)/(-4) + 0 + 19 is divided by 8.
5
Suppose 0 = -2418*h + 2423*h - 1580. What is the remainder when h is divided by 110?
96
Let o(x) = x**3 - 20*x**2 + 19*x - 9. Let y be o(19). Let i = 28 - y. Calculate the remainder when i is divided by 8.
5
Suppose 9*c - 531 = -27. What is the remainder when 164 is divided by c?
52
Let x(p) = -5*p**2 + 16*p. Let a(n) = n**2 - n + 1. Let z(u) = -3*a(u) - x(u). What is the remainder when z(9) is divided by -11*(2 + -3)/1?
9
Suppose -2*y - 8 = 0, -y + 8 = 3*d - 9. Suppose -2*o + 6*o - 60 = 0. Calculate the remainder when o is divided by d.
1
Let p = 5 + -3. Let m be 7/((p - -1) + -4). What is the remainder when 46/(-8)*(m + -1) is divided by 16?
14
Suppose -67*r + 2061 = -2*r + 501. Let w(h) = 70*h - 1. What is the remainder when w(1) is divided by r?
21
Let v = -8 - -13. Suppose -v*z + 9*z = 0. Suppose -4*p + 21 = i, 3*p + p = z. Calculate the remainder when 83 is divided by i.
20
Suppose 3*g - 5*v - 164 = 0, 65*g - 62*g - 163 = 4*v. Calculate the remainder when 253 is divided by g.
41
Let h(l) = 86*l. Calculate the remainder when h(1) is divided by 0 + -1 - 19/(-1).
14
Let t = 1996 - 1932. Calculate the remainder when 156 is divided by t.
28
Suppose -378 = -16*a + 2*a. Calculate the remainder when a is divided by 4.
3
Let k(f) = -2*f**2 + 18*f - 5. What is the remainder when k(7) is divided by 5?
3
Let m = 15 - 13. Suppose -4*h - 2*t + 30 = 0, 7*t + 25 = m*t. Calculate the remainder when h is divided by 5.
0
Suppose 6*m = 13*m - 231. What is the remainder when m is divided by (-4)/10 + (-47)/(-5)?
6
Suppose 5*a - v + 129 = 0, -5*v - 57 + 182 = -5*a. Let p be (1 + 39)/(-2) + 1. Let k = p - a. What is the remainder when k is divided by 2?
1
Let n = 710 + -663. What is the remainder when 84 is divided by n?
37
Let m(t) = -t + 9. Let y be m(6). Suppose 4*q = -y*b + 39, -2*q - 4*b = -8 - 14. Calculate the remainder when 10 is divided by q.
1
Let z = 155 - 119. Calculate the remainder when 96 is divided by z.
24
Let s(m) = 57*m**2 - 4*m - 5. Let y be s(-1). Let l = 63 - y. Calculate the remainder when 19 is divided by l.
5
Suppose 4*y - 114 = 5*i - 15, 118 = 3*y + 5*i. Calculate the remainder when y is divided by 15.
1
Let z = 836 - 792. What is the remainder when 219 is divided by z?
43
Let f(v) = -v**3 - v + 8. Let o = 35 + -35. Calculate the remainder when 38 is divided by f(o).
6
Suppose -4*x + 132 = 4*n, 19 + 35 = 2*x - 4*n. Let u = 124 - 63. What is the remainder when u is divided by x?
30
Suppose -4*h = 3*j - 6, j + 0 = 5*h + 2. What is the remainder when 5 is divided by (2 - 6 - 0)/(h + -1)?
1
Let a be 17 + -11 - (1 + 3). Suppose 15 - 49 = -a*p. Calculate the remainder when p is divided by 6.
5
Let r = 274 - 248. Let y = 269 - 179. What is the remainder when y is divided by r?
12
Calculate the remainder when 141 is divided by (-9)/(135/80)*45/(-20).
9
Let q(i) = -i**3 - i**2 - i + 7. Suppose 0 = 2*g - 5*j - 50, 3*j - 218 = -5*g - 62. What is the remainder when q(-4) is divided by g?
29
Suppose 0 = -4*v + 7*v - 255. Suppose 0 = 4*t + t + v. Let k = t - -65. Calculate the remainder when k is divided by 13.
9
Let o be (-369)/(-3)*(-12)/18 - 2. Calculate the remainder when (28/o)/(1/(-471)) is divided by 32.
29
Let o(f) = -11*f - 18. Calculate the remainder when 122 is divided by o(-2).
2
Let h be 291/18 - 6/36*1. Let y = -5 + 2. Let g = h + y. Calculate the remainder when 49 is divided by g.
10
Let u = -76 - -144. Let p = u - 55. What is the remainder when 47 is divided by p?
8
Calculate the remainder when 312 is divided by 1 + -5 - 637/(-13).
42
Let a(w) = -2*w**2 + 91*w + 94. What is the remainder when a(41) is divided by 9?
4
Let q be (4 - 2/2)*1. Suppose -176 = -q*k + g, -k + 56 = -0*g + g. Calculate the remainder when k is divided by (-136)/(-9) + (-2)/18.
13
Let k(j) = -j**2 + 18*j + 17. What is the remainder when 128 is divided by k(14)?
55
What is the remainder when 39 is divided by (-27 + 18)*28/(-18)?
11
Suppose 32*g = -g + 1056. What is the remainder when 222 is divided by g?
30
Suppose 0 = -p + 8 + 8. What is the remainder when (-61)/((-6)/4*(-40)/(-60)) is divided by p?
13
Let k = 485 + -453. Calculate the remainder when 110 is divided by k.
14
Let n be ((-3)/9)/((-2)/354). Let z = n - 44. Calculate the remainder when 29 is divided by z.
14
Let z = 113 - 109. Suppose 27 = z*u - 1. Calculate the remainder when 9 is divided by u.
2
Suppose 2*q - 18 = -2*w, 4*q - 2*q + 4*w - 12 = 0. Calculate the remainder when 14 is divided by (8/(-3))/((-8)/q).
2
Suppose -53 = 14*l - 193. What is the remainder when 19 is divided by l?
9
Suppose 17*k - 889 = 10*k. Calculate the remainder when k is divided by 33.
28
Let o = -30 + 49. Let y(u) = u**3 - 12*u**2 - u + 15. Let t be y(12). What is the remainder when o is divided by (12/(-18))/(t/(-45))?
9
Suppose 32*d - 180 = 14*d. What is the remainder when 77 is divided by d?
7
Suppose -3*k = -4*k - 4. Let j(c) = -6 - 6*c**2 - c + c**3 + 10*c**2 - 3*c. What is the remainder when j(k) is divided by 7?
3
Suppose 0 = 8*j - 7*j - 67. What is the remainder when 183 is divided by j?
49
Suppose -2 - 6 = -2*n. Suppose -o + 14 = 2*j, 0 = o + 3*j - n*j - 17. Let q = 96 + -69. Calculate the remainder when q is divided by o.
11
Let p(t) = -t**2 - 4*t + 35. What is the remainder when p(-8) is divided by 1?
0
Suppose 4*u - 20 = -2*a - 2, 18 = 2*u - 2*a. Suppose 0 = q + 5, -3*x - 5*q = -59 - 33. Calculate the remainder when x is divided by u.
3
Let h be ((-40)/(-14))/(6/21). Suppose h*t - 110 = 5*t. Suppose -8*z = -z - 609. What is the remainder when z is divided by t?
21
What is the remainder when (-520)/(-13) + 1 + (0 - -1) is divided by 23?
19
Let f be (5 + (-54)/12)*0. Suppose 47 = m - 4*c, 4*c + 171 = 5*m - f*c. Calculate the remainder when 122 is divided by m.
29
Let z(m) = -37*m + 5. Let c be z(-6). Let x = c - -41. What is the remainder when 46 is divided by x/22 - 6/33?
10
Suppose 3*h = 5*v, v = -v - 4*h. Suppose 2*b + b - 72 = v. Suppose -s = s - b. What is the remainder when 35 is divided by s?
11
Let q(z) = -z**3 + 9*z**2 + 3*z - 15. Calculate the remainder when q(8) is divided by 26.
21
Suppose d - 19 = -o, 4*d = 5*o - 0*d - 77. L